{"id":1243,"date":"2024-03-13T15:02:05","date_gmt":"2024-03-13T14:02:05","guid":{"rendered":"https:\/\/peter.weidlinger.me\/?page_id=1243"},"modified":"2025-02-26T17:56:56","modified_gmt":"2025-02-26T16:56:56","slug":"links","status":"publish","type":"page","link":"https:\/\/peter.weidlinger.me\/?page_id=1243","title":{"rendered":"Links"},"content":{"rendered":"\n<p><\/p>\n\n\n<div style=\"clear:both;\"><\/div><div id=\"list-wplf\" class=\"listid-wplf wplf-display\"><div id=\"wplf_list-item-0\" class=\"list-item wplf-item\">\r\n\t\t\t\t<a class=\"wplf_link\" href=\"https:\/\/sylvia.weidlinger.me\/\" target=\"_blank\">\r\n\t\t\t\t<div class=\"list-img\"><img loading=\"lazy\" decoding=\"async\" width=\"300\" height=\"225\" src=\"https:\/\/peter.weidlinger.me\/wp-content\/uploads\/2025\/02\/Download-300x225.jpg\" class=\"attachment-medium size-medium\" alt=\"\" style=\"\" srcset=\"https:\/\/peter.weidlinger.me\/wp-content\/uploads\/2025\/02\/Download-300x225.jpg 300w, https:\/\/peter.weidlinger.me\/wp-content\/uploads\/2025\/02\/Download-1024x768.jpg 1024w, https:\/\/peter.weidlinger.me\/wp-content\/uploads\/2025\/02\/Download-768x576.jpg 768w, https:\/\/peter.weidlinger.me\/wp-content\/uploads\/2025\/02\/Download.jpg 1280w\" sizes=\"auto, (max-width: 300px) 100vw, 300px\" \/><\/div>\r\n\t\t\t\t<p class=\"wplf_display\" style=\"font-weight: bold; font-size: 16px; text-align: left\" >https:\/\/sylvia.weidlinger.me\/<\/p>\r\n\t\t\t\t<p class=\"wplf_desc\" style=\"font-weight: bold; font-size: 14px; text-align: left\">Sylvia Weidlinger\r\n\r\n<ul>\r\nF\u00fcr meine Beratungen ist es mir sehr wichtig, dass ich gen\u00fcgend Zeit f\u00fcr meine Klienten habe. In Gespr\u00e4chen wird f\u00fcr mich die Basis f\u00fcr eine optimale Behandlungsmethode gelegt und ich bekomme dadurch ein Gef\u00fchl f\u00fcr die W\u00fcnsche und Bed\u00fcrfnisse der Menschen.<\/ul>\r\n\r\n<\/p><\/a>\r\n\t\t\t\t<\/div>\r\n\t\t\t\t<hr><div id=\"wplf_list-item-1\" class=\"list-item wplf-item\">\r\n\t\t\t\t<a class=\"wplf_link\" href=\"https:\/\/www.praxisgemeinschaft-altenmarkt.at\/kontakt\/\" target=\"_blank\">\r\n\t\t\t\t<div class=\"list-img\"><img loading=\"lazy\" decoding=\"async\" width=\"300\" height=\"225\" src=\"https:\/\/peter.weidlinger.me\/wp-content\/uploads\/2025\/02\/LinkHeidi-300x225.jpg\" class=\"attachment-medium size-medium\" alt=\"\" style=\"\" srcset=\"https:\/\/peter.weidlinger.me\/wp-content\/uploads\/2025\/02\/LinkHeidi-300x225.jpg 300w, https:\/\/peter.weidlinger.me\/wp-content\/uploads\/2025\/02\/LinkHeidi-1024x768.jpg 1024w, https:\/\/peter.weidlinger.me\/wp-content\/uploads\/2025\/02\/LinkHeidi-768x576.jpg 768w, https:\/\/peter.weidlinger.me\/wp-content\/uploads\/2025\/02\/LinkHeidi.jpg 1280w\" sizes=\"auto, (max-width: 300px) 100vw, 300px\" \/><\/div>\r\n\t\t\t\t<p class=\"wplf_display\" style=\"font-weight: bold; font-size: 16px; text-align: left\" >https:\/\/www.praxisgemeinschaft-altenmarkt.at\/kontakt\/<\/p>\r\n\t\t\t\t<p class=\"wplf_desc\" style=\"font-weight: bold; font-size: 14px; text-align: left\">Heidi P\u00f6llitzer\r\n<ul>\r\nMeine Angebot: Energiearbeit &#8211; Aufstellungen &#8211; Jenseitskontakte <\/ul>\r\n\r\n<\/p><\/a>\r\n\t\t\t\t<\/div>\r\n\t\t\t\t<hr><div id=\"wplf_list-item-2\" class=\"list-item wplf-item\">\r\n\t\t\t\t<a class=\"wplf_link\" href=\"https:\/\/www.seelenfluestern.com\/\" target=\"_blank\">\r\n\t\t\t\t<div class=\"list-img\"><img loading=\"lazy\" decoding=\"async\" width=\"300\" height=\"225\" src=\"https:\/\/peter.weidlinger.me\/wp-content\/uploads\/2025\/02\/LinkIngeBergner-300x225.jpg\" class=\"attachment-medium size-medium\" alt=\"\" style=\"\" srcset=\"https:\/\/peter.weidlinger.me\/wp-content\/uploads\/2025\/02\/LinkIngeBergner-300x225.jpg 300w, https:\/\/peter.weidlinger.me\/wp-content\/uploads\/2025\/02\/LinkIngeBergner-1024x768.jpg 1024w, https:\/\/peter.weidlinger.me\/wp-content\/uploads\/2025\/02\/LinkIngeBergner-768x576.jpg 768w, https:\/\/peter.weidlinger.me\/wp-content\/uploads\/2025\/02\/LinkIngeBergner.jpg 1280w\" sizes=\"auto, (max-width: 300px) 100vw, 300px\" \/><\/div>\r\n\t\t\t\t<p class=\"wplf_display\" style=\"font-weight: bold; font-size: 16px; text-align: left\" >https:\/\/www.seelenfluestern.com\/<\/p>\r\n\t\t\t\t<p class=\"wplf_desc\" style=\"font-weight: bold; font-size: 14px; text-align: left\">Inge Bergner\r\n<ul>spirituelle Heilerin und Buchautorin aus B\u00fcrmoos. Weshalb bist du hier, und warum gerade jetzt? Diese Homepage ist eine Einladung an deine Liebe, an dein Herz, an deine Achtsamkeit und an dein Licht.<\/ul>\r\n<\/p><\/a>\r\n\t\t\t\t<\/div>\r\n\t\t\t\t<hr><div id=\"wplf_list-item-3\" class=\"list-item wplf-item\">\r\n\t\t\t\t<a class=\"wplf_link\" href=\"https:\/\/www.petrahaberlmedium.me\/\" target=\"_blank\">\r\n\t\t\t\t<div class=\"list-img\"><img loading=\"lazy\" decoding=\"async\" width=\"300\" height=\"225\" src=\"https:\/\/peter.weidlinger.me\/wp-content\/uploads\/2025\/02\/LinkPetraHaberl-300x225.jpg\" class=\"attachment-medium size-medium\" alt=\"\" style=\"\" srcset=\"https:\/\/peter.weidlinger.me\/wp-content\/uploads\/2025\/02\/LinkPetraHaberl-300x225.jpg 300w, https:\/\/peter.weidlinger.me\/wp-content\/uploads\/2025\/02\/LinkPetraHaberl-1024x768.jpg 1024w, https:\/\/peter.weidlinger.me\/wp-content\/uploads\/2025\/02\/LinkPetraHaberl-768x576.jpg 768w, https:\/\/peter.weidlinger.me\/wp-content\/uploads\/2025\/02\/LinkPetraHaberl.jpg 1280w\" sizes=\"auto, (max-width: 300px) 100vw, 300px\" \/><\/div>\r\n\t\t\t\t<p class=\"wplf_display\" style=\"font-weight: bold; font-size: 16px; text-align: left\" >https:\/\/www.petrahaberlmedium.me\/<\/p>\r\n\t\t\t\t<p class=\"wplf_desc\" style=\"font-weight: bold; font-size: 14px; text-align: left\">Petra Habel Medium<\/p><\/a>\r\n\t\t\t\t<\/div>\r\n\t\t\t\t<hr><div id=\"wplf_list-item-4\" class=\"list-item wplf-item\">\r\n\t\t\t\t<a class=\"wplf_link\" href=\"https:\/\/heilertage-buermoos.jimdoweb.com\/\" target=\"_blank\">\r\n\t\t\t\t<div class=\"list-img\"><img loading=\"lazy\" decoding=\"async\" width=\"300\" height=\"225\" src=\"https:\/\/peter.weidlinger.me\/wp-content\/uploads\/2025\/02\/LinkHeilertage-300x225.jpg\" class=\"attachment-medium size-medium\" alt=\"\" style=\"\" srcset=\"https:\/\/peter.weidlinger.me\/wp-content\/uploads\/2025\/02\/LinkHeilertage-300x225.jpg 300w, https:\/\/peter.weidlinger.me\/wp-content\/uploads\/2025\/02\/LinkHeilertage-1024x768.jpg 1024w, https:\/\/peter.weidlinger.me\/wp-content\/uploads\/2025\/02\/LinkHeilertage-768x576.jpg 768w, https:\/\/peter.weidlinger.me\/wp-content\/uploads\/2025\/02\/LinkHeilertage.jpg 1280w\" sizes=\"auto, (max-width: 300px) 100vw, 300px\" \/><\/div>\r\n\t\t\t\t<p class=\"wplf_display\" style=\"font-weight: bold; font-size: 16px; text-align: left\" >https:\/\/heilertage-buermoos.jimdoweb.com\/<\/p>\r\n\t\t\t\t<p class=\"wplf_desc\" style=\"font-weight: bold; font-size: 14px; text-align: left\">Gemeinsam mit anderen Praktizierenden durften wir wirklich wundervolle Heilertage gestalten\u00a0und diese mit unseren zahlreichen Besuchern erleben.<\/p><\/a>\r\n\t\t\t\t<\/div>\r\n\t\t\t\t<hr><\/div><div style=\"clear:both;\"><\/div>\n\n\n\n<p><\/p>\n","protected":false},"excerpt":{"rendered":"","protected":false},"author":1,"featured_media":0,"parent":0,"menu_order":0,"comment_status":"closed","ping_status":"closed","template":"","meta":{"neve_meta_sidebar":"","neve_meta_container":"","neve_meta_enable_content_width":"","neve_meta_content_width":0,"neve_meta_title_alignment":"","neve_meta_author_avatar":"","neve_post_elements_order":"","neve_meta_disable_header":"","neve_meta_disable_footer":"","neve_meta_disable_title":"","footnotes":""},"class_list":["post-1243","page","type-page","status-publish","hentry"],"_links":{"self":[{"href":"https:\/\/peter.weidlinger.me\/index.php?rest_route=\/wp\/v2\/pages\/1243","targetHints":{"allow":["GET"]}}],"collection":[{"href":"https:\/\/peter.weidlinger.me\/index.php?rest_route=\/wp\/v2\/pages"}],"about":[{"href":"https:\/\/peter.weidlinger.me\/index.php?rest_route=\/wp\/v2\/types\/page"}],"author":[{"embeddable":true,"href":"https:\/\/peter.weidlinger.me\/index.php?rest_route=\/wp\/v2\/users\/1"}],"replies":[{"embeddable":true,"href":"https:\/\/peter.weidlinger.me\/index.php?rest_route=%2Fwp%2Fv2%2Fcomments&post=1243"}],"version-history":[{"count":14,"href":"https:\/\/peter.weidlinger.me\/index.php?rest_route=\/wp\/v2\/pages\/1243\/revisions"}],"predecessor-version":[{"id":1483,"href":"https:\/\/peter.weidlinger.me\/index.php?rest_route=\/wp\/v2\/pages\/1243\/revisions\/1483"}],"wp:attachment":[{"href":"https:\/\/peter.weidlinger.me\/index.php?rest_route=%2Fwp%2Fv2%2Fmedia&parent=1243"}],"curies":[{"name":"wp","href":"https:\/\/api.w.org\/{rel}","templated":true}]}}